9 - 19. What is the remainder when 77 is divided by f?
37
What is the remainder when (4/(-5))/(-2) - (-2256)/60 is divided by 25?
13
Let l = -59 + 31. What is the remainder when 7 is divided by (-8)/l - 38/(-14)?
1
Let u be 2*(2 - (-286)/(-4)). Let o be 4/(-16) - u/(-4). Let z = o + 50. Calculate the remainder when 29 is divided by z.
14
Let l = 137 + -63. Calculate the remainder when l is divided by 15.
14
Let o(t) = t**3 + 3*t**2 - 2. Let r be o(-2). Suppose -r*k - p - 33 = -4*k, 2*p = -2*k + 30. Calculate the remainder when 47 is divided by k.
15
Suppose 3 + 1 = v. Suppose v*p + 168 = 4*n, -2*n + 4*n + 5*p = 56. Suppose -5*l = n - 213. What is the remainder when l is divided by 12?
11
Let a be 12/(-6)*(1 - 2). Calculate the remainder when 49 is divided by -4*-17*a/8.
15
Calculate the remainder when ((-344)/2 + -2)/(12/(-8)) is divided by 12.
8
Suppose 4*t = 3*w + 2*t - 73, 122 = 5*w - 3*t. Suppose 2*u - 50 + 4 = 2*o, 4*u = 5*o + 97. Suppose 3*m - m = u. Calculate the remainder when w is divided by m.
7
Let i(n) = -26*n - 43. What is the remainder when i(-5) is divided by 8?
7
Let g(u) = 2*u**2 + 4*u + 3. Let z be g(-2). Suppose z*t = -0*t - 2*r + 9, -t - r + 4 = 0. Calculate the remainder when 1 is divided by t.
0
Let d be (-10)/65 + (-82)/(-26). Let w = 7 - d. What is the remainder when 19 is divided by w?
3
Let h(c) = 2*c**2 + 4*c - 8. What is the remainder when 30 is divided by h(-4)?
6
What is the remainder when 43 is divided by 16 + (-3)/6*2?
13
Suppose 5*i - 211 + 43 = 2*c, 0 = -4*c + 4. Let n(d) = 11*d**2 + d. Let r be (6/(-9))/((-4)/6). Calculate the remainder when i is divided by n(r).
10
Suppose a - f - 50 = -5*f, 0 = a - 2*f - 62. Suppose 18 = -6*x + 138. What is the remainder when a is divided by x?
18
Suppose -r + 4*r = 3*n + 12, -r + 10 = 5*n. Suppose 2*o = -m - 0 - n, m = 3*o + 24. Calculate the remainder when 42 is divided by m.
6
What is the remainder when 54 is divided by 5/10 + 4/((-24)/(-81))?
12
Let y = 5 + 9. What is the remainder when 25 is divided by y?
11
Suppose 0 = -2*a + 2 + 2. Suppose -k = a*g - 150, -4*g - 69 + 519 = 3*k. Suppose -5*j = -0*j - k. Calculate the remainder when j is divided by 16.
14
Let n be (0 - -1)*8*1. Suppose -n = o + 26. Let y = o + 74. What is the remainder when y is divided by 14?
12
Let h(t) = -t**2 - 3*t + 0 + 12*t - 3. What is the remainder when h(5) is divided by 5?
2
Let p(r) = 3*r. Let n be p(1). Let a(t) = -t - 4*t + 9*t**2 - t**3 - n*t - 8. What is the remainder when a(7) is divided by 12?
10
Suppose 5*a + 372 = 17*a. Calculate the remainder when a is divided by 7.
3
What is the remainder when 151 is divided by (-186)/(-10) + 16/40?
18
Let p(d) = 4*d**2 + 4 - 5*d - 3*d**2 - 5 + 8. Calculate the remainder when 37 is divided by p(6).
11
Let j = -2 - -10. Let y(w) = w**2 - 2*w - 1. Let h be y(3). What is the remainder when j is divided by (-3)/(-3 - (0 - h))?
2
Let q be (-4)/(-2) + 70/(-7). Let d = q - -45. What is the remainder when d is divided by 13?
11
Let h be (4 - 3)*(-2)/(-2). What is the remainder when (60 + 2)/(1/h) is divided by 21?
20
Let g = 4 + 1. What is the remainder when g is divided by 2?
1
Let w(m) = m**3 + 6*m**2 - m - 6. Let z be w(-6). Calculate the remainder when 45 is divided by z + 14 + 6/(-3).
9
Suppose o + o - 22 = 0. Let r = 11 + -5. Suppose v - 4*c - 8 = 0, 2*v + 86 = r*v + 2*c. What is the remainder when v is divided by o?
9
Let j(y) = -y + 3. Let t be j(3). Suppose f = -t*f. Suppose f*x + x = 20. Calculate the remainder when 59 is divided by x.
19
Let n(t) = -8*t**3 - 3*t**2 - t + 1. What is the remainder when 12 is divided by n(-1)?
5
Let g = 65 - 37. What is the remainder when g is divided by 8?
4
Let j = 2 + 17. What is the remainder when 53 is divided by j?
15
Suppose 0 = -2*n - 6 - 6. Let t be (n/(-8))/((-2)/8). Calculate the remainder when 28 is divided by (-1)/t + 88/6.
13
Let u(a) = -14*a**3 - 8*a**2 - 4*a - 3. Calculate the remainder when u(-2) is divided by 29.
27
Suppose 3*j = 135 + 129. Calculate the remainder when 6 is divided by (4 + j/(-20))*-5.
0
Calculate the remainder when 10/3*25 - 2/6 is divided by 14.
13
Let q = 28 + -20. Let h(z) = -7*z - 7. Let d be h(-6). Suppose 0 = -4*x + 25 + d. What is the remainder when x is divided by q?
7
Suppose 0*w = -4*w. Let l(n) = -2*n**3 - 4*n**2 - 3*n - 2. Let m be l(-2). Suppose w*u = -m*u + 28. Calculate the remainder when 27 is divided by u.
6
Let r(d) = -d. Let n(p) = -p**3 + p**2 + 6*p - 4 + 3 + 4*p**3. Let m(l) = -n(l) - 6*r(l). Calculate the remainder when 62 is divided by m(-2).
20
Let m = 52 + -37. What is the remainder when m is divided by 8?
7
Let a be 2/(6/9)*1. Suppose 2*v = -i + 38, -2*v - 3*v = -i + a. What is the remainder when i is divided by 15?
13
Let n = 28 - 12. Calculate the remainder when (-3)/(3/(-29)) - -1 is divided by n.
14
Calculate the remainder when -5*(-3 - (-2)/(-4)*32) is divided by 16.
15
Suppose 0 = -3*v + 8 - 29. Let k = v - -2. Let g = k + 8. What is the remainder when 6 is divided by g?
0
Suppose s - 2 = -s, -7 = -3*o - s. Suppose -26 = -o*r + 72. Calculate the remainder when r is divided by 13.
10
Let q(r) = -7*r - 11. Let s be q(-5). Let k(a) = a + 6. Let t be k(-3). Suppose t*o + 3*d = s, 3*d - 8 = d. What is the remainder when 6 is divided by o?
2
Let h = 10 - 5. Suppose -q + 0*q - 4 = -5*c, -2*c - 95 = -h*q. Let u = -5 + q. Calculate the remainder when 46 is divided by u.
14
Let b = 28 - 16. Let v = -162 - -273. Let y = v - 64. What is the remainder when y is divided by b?
11
Let q(c) = -c**2 - 14*c + 10. Calculate the remainder when q(-9) is divided by 19.
17
Suppose 4*t - 2*d = -4*d + 26, 0 = -2*t + 4*d - 2. Let m = 0 + t. What is the remainder when m is divided by 4?
1
Let k be 5 + -4 + 3 + 1. Suppose k = 5*s + 2*y, -3*y - 6 = 3*s - 0*s. Suppose -3*g = s*c - 24, 4*c = -2*g + g - 1. What is the remainder when g is divided by 4?
3
Calculate the remainder when 25 is divided by (-1)/(2/(-7))*4.
11
Let g(c) = -5*c - 3. Let p(t) = 7*t + 0*t - 4 + t**2 - 2. Let i be p(-7). What is the remainder when g(i) is divided by 14?
13
Suppose -4*o = -3*z + 13, 1 = 2*z - 2*o - 9. Calculate the remainder when 23 - (4 + -4 + 3) is divided by z.
6
Let n be (-85)/15 + 4/6. Let t = -2 - n. Suppose -3*c = -4*c + t. What is the remainder when 5 is divided by c?
2
Let b(v) = 6*v**2. Let l be b(1). Let u be -2 - l*6/9. Calculate the remainder when 13 is divided by 9 - -3*2/u.
5
Let f(k) = 23*k - 35. What is the remainder when f(6) is divided by 28?
19
Suppose t = -4 + 20. Suppose -j = 4*c - 128, 0 = 5*j - 6*j + 4. What is the remainder when c is divided by t?
15
Let z = -6 + 15. Let m(q) = q**3 + 9*q**2 - 2*q + 7. Let u(s) = -3*s**2 + 3*s - 3. Let c be u(2). Calculate the remainder when m(c) is divided by z.
7
Suppose -3*h = -4*y - 34, 3*h - 4 - 34 = 5*y. Let f be 18*((-44)/h)/2. Let r = -45 - f. Calculate the remainder when 40 is divided by r.
19
Suppose w + 2*b - 44 = -2*b, 5*w - 202 = -2*b. Suppose 0 = 3*k - k - w. Let o(q) = q**2 - 5*q + 2. What is the remainder when o(-4) is divided by k?
18
Let d = 159 + -53. What is the remainder when d is divided by 27?
25
Let v = -37 - -48. Calculate the remainder when 30 is divided by v.
8
Suppose 0 = 2*x - 10, -82 = -5*b + 3*x - 12. What is the remainder when b is divided by 7?
3
Suppose 12 = 4*a, -5*m + 0*a = 3*a - 19. What is the remainder when 7 is divided by m?
1
What is the remainder when 73 is divided by (161/46)/((-2)/(-12))?
10
Suppose -3*l + 7*l = -28. Let w = -3 - l. Suppose -59 = -3*h - w*n, h + 4*n = n + 13. Calculate the remainder when h is divided by 9.
7
Let f = -5 + 8. What is the remainder when 5 is divided by f?
2
What is the remainder when 160 is divided by (((-756)/(-49))/6)/(2/14)?
16
Suppose -5*i + 52 = -2*y, 2*i + 0*i = 5*y + 25. Let g be (1/3)/(2/(-6)). What is the remainder when g/(-3 + (-212)/(-72)) is divided by i?
8
Suppose 3*u - 2*w = 40 + 48, -5*w - 38 = -u. Suppose -4*j + 13 + 47 = 0. What is the remainder when u is divided by j?
13
Suppose -3*k + 18 = -0. Suppose -r = -4*u + 165, -k*u + u = -3*r - 215. Calculate the remainder when u is divided by 14.
12
Suppose -138 = -4*x + r, 4*r + 27 = -0*x + x. What is the remainder when x is divided by 9?
8
Let c = 83 + -16. Let a = 50 - 33. Calculate the remainde